
Let i(l) = l**3 + 19*l**2 - 10*l - 76. Calculate i(-19).
114
Let l(y) = 19*y**2 + 7*y - 10. Calculate l(3).
182
Let l(q) = 3*q**2 + 39*q - 341. Determine l(-19).
1
Let m(u) = -429*u - 8998. Give m(-21).
11
Let n(q) = 163*q - 20067. Calculate n(123).
-18
Let o(t) = t**3 - 10*t**2 - 29*t - 30. What is o(13)?
100
Let j(o) = 13*o + 422. What is j(-34)?
-20
Let p(z) = -71*z + 4410. Give p(62).
8
Let a(x) = -14*x**2 + 38*x - 23. Determine a(2).
-3
Let q(v) = 8*v - 46. What is q(5)?
-6
Let h(k) = -k**3 + 8*k**2 - 4*k - 26. Calculate h(-2).
22
Let o(b) = -178*b + 2668. Give o(15).
-2
Let s(u) = 3*u**3 - 66*u**2 + 64*u - 29. Determine s(21).
-8
Let z(a) = -8*a - 212. Determine z(-13).
-108
Let r(z) = 1104*z - 539858. Give r(489).
-2
Let q(t) = -154*t**3 + 13*t**2 + 11*t - 2. What is q(-1)?
154
Let g(k) = 7*k - 14. Give g(1).
-7
Let m(p) = p**3 + p**2 - 13*p + 14. What is m(3)?
11
Let q(b) = -195*b - 814. What is q(-4)?
-34
Let h(w) = 486*w + 45198. Give h(-93).
0
Let v(r) = -73*r + 110. Determine v(4).
-182
Let q(z) = -17*z - 294. What is q(-23)?
97
Let w(v) = 15*v + 222. Give w(-15).
-3
Let c(j) = j**2 - 132*j + 4051. Determine c(81).
-80
Let j(q) = -q**2 - 50*q - 325. What is j(-17)?
236
Let g(i) = i**3 - 13*i**2 - 28*i + 189. What is g(14)?
-7
Let s(i) = 52*i**2 + 673*i - 22. Give s(-13).
17
Let a(h) = h**2 + 324*h + 1293. Determine a(-4).
13
Let q(k) = 2*k**2 - 42*k + 397. Give q(10).
177
Let r(l) = -277*l - 948. What is r(-6)?
714
Let h(z) = 221*z + 3958. Calculate h(-18).
-20
Let n(q) = -158*q - 413. Determine n(-3).
61
Let m(r) = -3*r**2 - 6*r + 16. What is m(-5)?
-29
Let h(w) = -5*w**3 - 277*w**2 - 104*w + 328. Give h(-55).
-2
Let f(g) = -37*g**2 + 16*g - 22. Give f(1).
-43
Let z(y) = 48*y**2 + 3409*y + 82. Give z(-71).
11
Let c(o) = -33*o + 783. Determine c(21).
90
Let x(c) = 132*c**2 + 2371*c - 85. Calculate x(-18).
5
Let j(c) = 2*c**2 + 34*c - 8. Determine j(-14).
-92
Let t(p) = -35*p - 835. Give t(-24).
5
Let m(s) = 3*s**3 - 104*s**2 + 783*s - 16. Give m(11).
6
Let j(l) = 29*l**2 - 665*l - 34. What is j(23)?
12
Let k(z) = z**3 + 2*z**2 + 12*z - 342. What is k(0)?
-342
Let s(d) = -25*d + 1025. What is s(40)?
25
Let f(m) = -m**3 - 7*m**2 + 30*m + 86. What is f(-9)?
-22
Let d(i) = 7*i**3 - 106*i**2 - 3*i + 268. Give d(15).
-2
Let a(b) = b**3 + 14*b**2 - 12*b - 368. Give a(-6).
-8
Let i(a) = a**2 - 87*a + 1235. Give i(18).
-7
Let z(g) = g**2 + 106*g + 1463. Give z(-90).
23
Let z(g) = 70*g - 36. Calculate z(-4).
-316
Let d(c) = c**2 - 15*c - 737. Calculate d(36).
19
Let f(v) = -24*v + 524. Determine f(23).
-28
Let l(y) = -68*y**2 - 1706*y - 122. Calculate l(-25).
28
Let d(z) = -7*z**3 + 138*z**2 + 39*z - 41. Determine d(20).
-61
Let h(i) = -49*i + 25. What is h(7)?
-318
Let q(u) = 93*u + 2396. Calculate q(-27).
-115
Let x(r) = -82*r**2 - 11*r + 26. Determine x(2).
-324
Let l(q) = 25*q + 1284. Calculate l(-45).
159
Let m(f) = 3*f**2 - 358*f - 7273. What is m(137)?
-12
Let t(q) = 19*q - 185. Determine t(6).
-71
Let a(t) = -9*t**2 - t + 21. Determine a(4).
-127
Let i(f) = -4*f**3 + f**2 + f - 11. What is i(-2)?
23
Let k(w) = -w**3 - 48*w**2 - 137*w - 71. What is k(-45)?
19
Let q(v) = 6*v**2 + 45*v + 2. What is q(-7)?
-19
Let v(d) = d**2 - 1041*d - 23394. Determine v(-22).
-8
Let u(b) = -8*b**3 + 119*b**2 + 66*b - 756. Give u(15).
9
Let i(k) = 80*k - 1428. Determine i(18).
12
Let q(x) = 2*x**2 + 44*x + 143. Give q(-26).
351
Let r(m) = -4*m**2 - 201*m - 2519. Calculate r(-27).
-8
Let z(x) = 51*x - 3725. Determine z(73).
-2
Let r(f) = -f - 105. Give r(-21).
-84
Let m(q) = -10707*q + 21414. Give m(2).
0
Let c(w) = w**3 + 7*w**2 + 184*w + 1060. Give c(-6).
-8
Let y(p) = -34*p**2 + 679*p + 35. What is y(20)?
15
Let b(a) = 523*a + 19. What is b(0)?
19
Let n(s) = 6*s + 71. Calculate n(7).
113
Let x(r) = -39*r - 325. Give x(-9).
26
Let o(t) = -7*t + 312. What is o(10)?
242
Let t(d) = -3*d**2 - 161*d - 1087. What is t(-8)?
9
Let n(i) = -105*i**2 - 7*i + 8. Give n(1).
-104
Let t(g) = -g**3 + 4*g**2 - 7*g + 7. What is t(3)?
-5
Let v(f) = 5*f**3 + 45*f**2 + 12*f + 22. Calculate v(-9).
-86
Let b(q) = q**2 + 59*q + 312. Calculate b(-53).
-6
Let u(z) = 14*z - 381. Calculate u(27).
-3
Let b(i) = 39*i**2 + 41*i + 42. What is b(-1)?
40
Let s(c) = -c**3 - 301*c**2 + 10653*c - 995. Give s(-333).
4
Let g(t) = 27*t + 195. Calculate g(-4).
87
Let y(l) = -46*l + 3917. What is y(87)?
-85
Let z(n) = 5*n**2 + 62*n + 28. Determine z(-13).
67
Let j(h) = -94*h + 188. Give j(2).
0
Let k(i) = i**3 + 37*i**2 - 38*i - 1. Calculate k(-38).
-1
Let r(l) = -3*l**2 - 6*l + 131. Determine r(-7).
26
Let f(u) = 3*u**2 - 9*u + 7. Determine f(7).
91
Let k(v) = -v**3 + 50*v**2 - 622*v - 8. Give k(27).
-35
Let g(s) = 8*s**2 - 6*s - 48. Determine g(-7).
386
Let j(v) = -14041*v - 28075. Give j(-2).
7
Let m(j) = 2134*j - 34141. Give m(16).
3
Let q(h) = -3790*h - 7594. Calculate q(-2).
-14
Let d(j) = 8*j**2 + 6*j - 112. Give d(10).
748
Let t(k) = 13*k**2 + 120*k + 89. Give t(-7).
-114
Let y(z) = -2*z**2 + 57*z - 270. Calculate y(6).
0
Let i(d) = d**3 - 61*d**2 + 116*d + 289. What is i(59)?
171
Let k(d) = -278*d - 2786. What is k(-10)?
-6
Let j(t) = -104*t + 1233. Give j(12).
-15
Let b(a) = -a**2 - 93*a - 1703. Determine b(-68).
-3
Let w(x) = 2*x**2 - 6*x - 84. Determine w(-5).
-4
Let t(w) = 114*w + 773. Calculate t(-7).
-25
Let k(l) = -117*l + 471. Calculate k(4).
3
Let g(o) = o**2 + 786*o + 6220. What is g(-8)?
-4
Let s(v) = -31*v - 1501. What is s(-48)?
-13
Let w(r) = -4*r**2 + 39*r + 182. What is w(-11)?
-731
Let w(d) = d**3 + 9*d**2 - 19. Determine w(-3).
35
Let i(h) = 16*h**2 - 1193*h - 1731. What is i(76)?
17
Let f(w) = -w**3 - 10*w**2 + 12*w - 139. Calculate f(-12).
5
Let k(y) = -y**2 - 102*y + 402. Determine k(4).
-22
Let y(j) = -98*j - 1771. Determine y(-18).
-7
Let x(q) = q**3 - 9*q**2 + 4*q + 32. Calculate x(6).
-52
Let p(j) = -73*j + 16. Give p(1).
-57
Let l(c) = c**3 - 14*c**2 - 17*c - 51. What is l(16)?
189
Let l(b) = 191*b - 1140. Give l(6).
6
Let t(j) = j**3 - 79*j**2 + 142*j + 14. What is t(2)?
-10
Let n(c) = -170*c**2 - 5271*c - 30. What is n(-31)?
1
Let g(m) = 528*m - 5811. Calculate g(11).
-3
Let j(f) = -394*f - 194. Give j(-2).
594
Let t(b) = b**2 - 41*b + 403. What is t(19)?
-15
Let b(k) = 240*k - 336. Calculate b(1).
-96
Let y(j) = j**2 + 100*j + 1634. Calculate y(-21).
-25
Let v(h) = 10*h + 76. What is v(-10)?
-24
Let m(g) = g**3 - 51*g**2 - 345*g - 12. What is m(-6)?
6
Let s(x) = 2*x**2 + 83*x - 8. Calculate s(-42).
34
Let s(d) = 65*d**3 + 13*d**2 + 4*d. What is s(-2)?
-476
Let i(r) = -r**2 - r + 1. Calculate i(3).
-11
Let m(c) = c**3 - 12*c**2 + 79*c - 741. Calculate m(11).
7
Let p(m) = 121*m + 2663. Calculate p(-22).
1
Let z(r) = r**3 - r**2 + 108*r + 874. What is z(-7)?
-274
Let v(g) = -g**2 + 287*g - 18373. Calculate v(96).
-37
Let r(u) = 4*u**2 + 205*u - 334. Calculate r(-53).
37
Let y(d) = d**2 - 16*d + 93. Calculate y(20).
173
Let b(z) = -z**2 - 29*z + 100. Calculate b(-36).
-152
Let b(q) = -149*q + 612. Calculate b(4).
16
Let n(y) = 104*y + 653. Calculate n(-7).
-75
Let t(m) = -m**3 + 18*m - 293. What is t(0)?
-293
Let l(o) = 18*o**2 + 135*o + 256. Determine l(-4).
4
Let y(v) = 6*v**2 + 62*v + 478. Determine y(-9).
406
Let x(l) = -l**3 + 298*l + 1469. Determine x(-5).
104
Let c(i) = -i**2 + 28*i - 136. What is c(10)?
44
Let j(b) = -67*b**2 - 3*b + 3. Determine j(-2).
-259
Let w(f) = -283*f - 2816. Determine w(-10).
14
Let n(l) = -76*l - 2050. What is n(-27)?
2
Let r(o) = -7*o**3 - 173*o**2 + 52*o - 54. Give r(-25).
-104
Let k(z) = -3*z**3 + 19*z**2 + 69*z + 21. Calculate k(9).
-6
Let q(n) = 324*n + 4504. What is q(-14)?
-32
Let y(z) = 4*z**3 + 12*z**2 - 34*z - 98. Calculate y(-3).
4
Let i(y) = -15642*y - 125132. Give i(-8).
4
Let c(u) = -4*u**2 + 192*u + 1688. Calculate c(-8).
-104
Let p(h) = 9*h**2 - 37*h - 13. Calculate p(7).
169
Let r(d) = -19*d**3 + 9*d**2 + 10*d - 6. Calculate r(-2).
162
Let q(b) = -23*b**2 + 19*b - 9. What is q(4)?
-301
Let i(j) = -94*j**2 - 23*j - 31. Calculate i(-3).
-808
Let s(y) = -y**3 + 7*y**2 - y - 46. Determine s(0).
-46
Let f(y) = 114*y + 12902. Give f(-112).
134
Let d(n) = -34*n + 1873. Give d(55).
3
Let c(q) = -2*q**3 - 13*q**2 + 22*q + 72. Calculate c(-8).
88
Let t(q) = -40*q + 1418. Determine t(36).
-22
Let k(y) = 3*y**3 - 2